{"id":39,"date":"2023-09-11T12:41:26","date_gmt":"2023-09-11T12:41:26","guid":{"rendered":"https:\/\/ascentiumabogados.com\/?page_id=39"},"modified":"2024-11-04T00:51:24","modified_gmt":"2024-11-04T00:51:24","slug":"sobre-nosotros-2","status":"publish","type":"page","link":"https:\/\/ascentiumabogados.com\/index.php\/sobre-nosotros-2\/","title":{"rendered":"Equipo"},"content":{"rendered":"\t\t<div data-elementor-type=\"wp-page\" data-elementor-id=\"39\" class=\"elementor elementor-39\">\n\t\t\t\t\t\t\t\t\t<section class=\"elementor-section elementor-top-section elementor-element elementor-element-9e0f3f2 elementor-section-boxed elementor-section-height-default elementor-section-height-default\" data-id=\"9e0f3f2\" data-element_type=\"section\">\n\t\t\t\t\t\t<div class=\"elementor-container elementor-column-gap-default\">\n\t\t\t\t\t<div class=\"elementor-column elementor-col-50 elementor-top-column elementor-element elementor-element-c381436\" data-id=\"c381436\" data-element_type=\"column\">\n\t\t\t<div class=\"elementor-widget-wrap elementor-element-populated\">\n\t\t\t\t\t\t\t\t<div class=\"elementor-element elementor-element-d3d68a1 elementor-widget elementor-widget-image\" data-id=\"d3d68a1\" data-element_type=\"widget\" data-widget_type=\"image.default\">\n\t\t\t\t<div class=\"elementor-widget-container\">\n\t\t\t<style>\/*! elementor - v3.15.0 - 20-08-2023 *\/\n.elementor-widget-image{text-align:center}.elementor-widget-image a{display:inline-block}.elementor-widget-image a img[src$=\".svg\"]{width:48px}.elementor-widget-image img{vertical-align:middle;display:inline-block}<\/style>\t\t\t\t\t\t\t\t\t\t\t\t<img decoding=\"async\" loading=\"lazy\" width=\"1536\" height=\"1024\" src=\"https:\/\/ascentiumabogados.com\/wp-content\/uploads\/2023\/09\/pexels-karolina-grabowska-7876051-1536x1024.jpg\" class=\"attachment-1536x1536 size-1536x1536 wp-image-226\" alt=\"\" srcset=\"https:\/\/ascentiumabogados.com\/wp-content\/uploads\/2023\/09\/pexels-karolina-grabowska-7876051-1536x1024.jpg 1536w, https:\/\/ascentiumabogados.com\/wp-content\/uploads\/2023\/09\/pexels-karolina-grabowska-7876051-300x200.jpg 300w, https:\/\/ascentiumabogados.com\/wp-content\/uploads\/2023\/09\/pexels-karolina-grabowska-7876051-1024x683.jpg 1024w, https:\/\/ascentiumabogados.com\/wp-content\/uploads\/2023\/09\/pexels-karolina-grabowska-7876051-768x512.jpg 768w, https:\/\/ascentiumabogados.com\/wp-content\/uploads\/2023\/09\/pexels-karolina-grabowska-7876051-2048x1365.jpg 2048w\" sizes=\"(max-width: 1536px) 100vw, 1536px\" \/>\t\t\t\t\t\t\t\t\t\t\t\t\t\t\t<\/div>\n\t\t\t\t<\/div>\n\t\t\t\t\t<\/div>\n\t\t<\/div>\n\t\t\t\t<div class=\"elementor-column elementor-col-50 elementor-top-column elementor-element elementor-element-fdeee3f\" data-id=\"fdeee3f\" data-element_type=\"column\">\n\t\t\t<div class=\"elementor-widget-wrap elementor-element-populated\">\n\t\t\t\t\t\t\t\t<div class=\"elementor-element elementor-element-f9b2285 elementor-widget elementor-widget-heading\" data-id=\"f9b2285\" data-element_type=\"widget\" data-widget_type=\"heading.default\">\n\t\t\t\t<div class=\"elementor-widget-container\">\n\t\t\t<style>\/*! elementor - v3.15.0 - 20-08-2023 *\/\n.elementor-heading-title{padding:0;margin:0;line-height:1}.elementor-widget-heading .elementor-heading-title[class*=elementor-size-]>a{color:inherit;font-size:inherit;line-height:inherit}.elementor-widget-heading .elementor-heading-title.elementor-size-small{font-size:15px}.elementor-widget-heading .elementor-heading-title.elementor-size-medium{font-size:19px}.elementor-widget-heading .elementor-heading-title.elementor-size-large{font-size:29px}.elementor-widget-heading .elementor-heading-title.elementor-size-xl{font-size:39px}.elementor-widget-heading .elementor-heading-title.elementor-size-xxl{font-size:59px}<\/style><h2 class=\"elementor-heading-title elementor-size-default\">Daniela Escobar Beltr\u00e1n<\/h2>\t\t<\/div>\n\t\t\t\t<\/div>\n\t\t\t\t<div class=\"elementor-element elementor-element-07d337f elementor-widget elementor-widget-text-editor\" data-id=\"07d337f\" data-element_type=\"widget\" data-widget_type=\"text-editor.default\">\n\t\t\t\t<div class=\"elementor-widget-container\">\n\t\t\t<style>\/*! elementor - v3.15.0 - 20-08-2023 *\/\n.elementor-widget-text-editor.elementor-drop-cap-view-stacked .elementor-drop-cap{background-color:#69727d;color:#fff}.elementor-widget-text-editor.elementor-drop-cap-view-framed .elementor-drop-cap{color:#69727d;border:3px solid;background-color:transparent}.elementor-widget-text-editor:not(.elementor-drop-cap-view-default) .elementor-drop-cap{margin-top:8px}.elementor-widget-text-editor:not(.elementor-drop-cap-view-default) .elementor-drop-cap-letter{width:1em;height:1em}.elementor-widget-text-editor .elementor-drop-cap{float:left;text-align:center;line-height:1;font-size:50px}.elementor-widget-text-editor .elementor-drop-cap-letter{display:inline-block}<\/style>\t\t\t\t<p>09989348842<\/p>\t\t\t\t\t\t<\/div>\n\t\t\t\t<\/div>\n\t\t\t\t<div class=\"elementor-element elementor-element-ed04e82 elementor-widget elementor-widget-text-editor\" data-id=\"ed04e82\" data-element_type=\"widget\" data-widget_type=\"text-editor.default\">\n\t\t\t\t<div class=\"elementor-widget-container\">\n\t\t\t\t\t\t\t<p>Abogada egresada de la Universidad Cat\u00f3lica de Cuenca, con un t\u00edtulo de Mag\u00edster en Derecho con especializaci\u00f3n en Estudios Judiciales obtenido en el IAEN. Adem\u00e1s, cuento con una destacada especializaci\u00f3n en Litigaci\u00f3n Penal Tributaria otorgada por la Universidad Adolfo Ib\u00e1\u00f1ez de Chile. Mi experiencia como consultora internacional es respaldada por una s\u00f3lida trayectoria acad\u00e9mica, donde he desempe\u00f1ado roles como docente tanto en programas de pregrado como de postgrado.<\/p><p>Con m\u00e1s de 15 a\u00f1os de ejercicio profesional en el \u00e1mbito del Derecho Penal, he ocupado diversos cargos en los juzgados y tribunales de garant\u00edas penales. Durante aproximadamente 6 a\u00f1os, fung\u00ed como procuradora fiscal y penal del Servicio de Rentas Internas, lo que me proporcion\u00f3 un conocimiento profundo de las cuestiones tributarias. Adem\u00e1s, asum\u00ed la posici\u00f3n de Directora de Pol\u00edtica Criminal en el Ministerio de Justicia, desempe\u00f1ando un papel fundamental en el desarrollo de pol\u00edticas p\u00fablicas relacionadas con el sistema penal.<\/p><p>Mi experiencia como experta litigante y directora de litigio estrat\u00e9gico en la Fiscal\u00eda General del Estado me ha permitido participar activamente en casos relevantes y estrat\u00e9gicos en el \u00e1mbito penal. Asimismo, he contribuido en calidad de experto constitucional en la Corte Constitucional del Ecuador y he sido asesora de la Comisi\u00f3n de Justicia y Estructura del Estado en la Asamblea Nacional del Ecuador.<\/p><p>En resumen, mi formaci\u00f3n acad\u00e9mica y mi amplia experiencia profesional en distintos roles y contextos me respaldan como una profesional altamente calificada en Derecho Penal y Tributario, capaz de brindar soluciones integrales y estrat\u00e9gicas a mis clientes y alumnos.<\/p>\t\t\t\t\t\t<\/div>\n\t\t\t\t<\/div>\n\t\t\t\t\t<\/div>\n\t\t<\/div>\n\t\t\t\t\t\t\t<\/div>\n\t\t<\/section>\n\t\t\t\t\t\t\t<\/div>\n\t\t","protected":false},"excerpt":{"rendered":"<p>Daniela Escobar Beltr\u00e1n 09989348842 Abogada egresada de la Universidad Cat\u00f3lica de Cuenca, con un t\u00edtulo de Mag\u00edster en Derecho con especializaci\u00f3n en Estudios Judiciales obtenido en el IAEN. Adem\u00e1s, cuento con una destacada especializaci\u00f3n en Litigaci\u00f3n Penal Tributaria otorgada por la Universidad Adolfo Ib\u00e1\u00f1ez de Chile. Mi experiencia como consultora internacional es respaldada por una &hellip;<\/p>\n<p class=\"read-more\"> <a class=\"\" href=\"https:\/\/ascentiumabogados.com\/index.php\/sobre-nosotros-2\/\"> <span class=\"screen-reader-text\">Equipo<\/span> Leer m\u00e1s &raquo;<\/a><\/p>\n","protected":false},"author":1,"featured_media":0,"parent":0,"menu_order":0,"comment_status":"closed","ping_status":"closed","template":"","meta":{"site-sidebar-layout":"default","site-content-layout":"","ast-site-content-layout":"","site-content-style":"default","site-sidebar-style":"default","ast-global-header-display":"","ast-banner-title-visibility":"","ast-main-header-display":"","ast-hfb-above-header-display":"","ast-hfb-below-header-display":"","ast-hfb-mobile-header-display":"","site-post-title":"","ast-breadcrumbs-content":"","ast-featured-img":"","footer-sml-layout":"","theme-transparent-header-meta":"","adv-header-id-meta":"","stick-header-meta":"","header-above-stick-meta":"","header-main-stick-meta":"","header-below-stick-meta":"","astra-migrate-meta-layouts":"","footnotes":""},"_links":{"self":[{"href":"https:\/\/ascentiumabogados.com\/index.php\/wp-json\/wp\/v2\/pages\/39"}],"collection":[{"href":"https:\/\/ascentiumabogados.com\/index.php\/wp-json\/wp\/v2\/pages"}],"about":[{"href":"https:\/\/ascentiumabogados.com\/index.php\/wp-json\/wp\/v2\/types\/page"}],"author":[{"embeddable":true,"href":"https:\/\/ascentiumabogados.com\/index.php\/wp-json\/wp\/v2\/users\/1"}],"replies":[{"embeddable":true,"href":"https:\/\/ascentiumabogados.com\/index.php\/wp-json\/wp\/v2\/comments?post=39"}],"version-history":[{"count":9,"href":"https:\/\/ascentiumabogados.com\/index.php\/wp-json\/wp\/v2\/pages\/39\/revisions"}],"predecessor-version":[{"id":1397,"href":"https:\/\/ascentiumabogados.com\/index.php\/wp-json\/wp\/v2\/pages\/39\/revisions\/1397"}],"wp:attachment":[{"href":"https:\/\/ascentiumabogados.com\/index.php\/wp-json\/wp\/v2\/media?parent=39"}],"curies":[{"name":"wp","href":"https:\/\/api.w.org\/{rel}","templated":true}]}}